{"id":241,"date":"2021-07-22T11:00:01","date_gmt":"2021-07-22T11:00:01","guid":{"rendered":"https:\/\/windelen.org\/?page_id=241"},"modified":"2021-07-22T11:00:01","modified_gmt":"2021-07-22T11:00:01","slug":"ihr-partner-fuer-ihren-erfolg","status":"publish","type":"page","link":"https:\/\/windelen.org\/?page_id=241","title":{"rendered":"Ihr Partner f\u00fcr Ihren Erfolg"},"content":{"rendered":"<p><img loading=\"lazy\" decoding=\"async\" class=\"size-medium wp-image-80 alignleft\" src=\"https:\/\/windelen.org\/wp-content\/uploads\/2020\/01\/IMG_6211.Ausschnitt-300x204.jpg\" alt=\"\" width=\"300\" height=\"204\" srcset=\"https:\/\/windelen.org\/wp-content\/uploads\/2020\/01\/IMG_6211.Ausschnitt-300x204.jpg 300w, https:\/\/windelen.org\/wp-content\/uploads\/2020\/01\/IMG_6211.Ausschnitt-768x521.jpg 768w, https:\/\/windelen.org\/wp-content\/uploads\/2020\/01\/IMG_6211.Ausschnitt.jpg 800w\" sizes=\"auto, (max-width: 300px) 100vw, 300px\" \/>Ich bin Ihr Berater, Stratege, Projektleiter, Interimsmanager, Gutachter, Planer, Vermittler und Netzwerker. Kurzum: Ich bin Ihr Partner im Orgelbau.<br \/>\nMit meinen Kunden teile ich die Leidenschaft f\u00fcr meisterhafte Instrumente, den Anspruch an h\u00f6chste Qualit\u00e4t und das Bekenntnis zu vertrauensvollen Partnerschaften. Zugleich eint uns das Streben nach wirtschaftlichen, nachhaltigen und verl\u00e4sslichen L\u00f6sungen.<br \/>\nIn unsere Zusammenarbeit bringe ich langj\u00e4hrige Erfahrungen in Entwicklung, Bau und Vertrieb von Orgeln und Klavieren, fundierte Kenntnisse der internationalen M\u00e4rkte, starke Netzwerke mit Anbietern und Abnehmern und tiefe Beziehungen in die Branche und die Branchenverb\u00e4nde ein.<br \/>\nIhre Herausforderungen nehme ich als die meinen an \u2013 mit gro\u00dfer Aufmerksamkeit f\u00fcrs Detail und strategischem Weitblick sowie mit hoher Loyalit\u00e4t und inspirierender Au\u00dfensicht.<\/p>\n","protected":false},"excerpt":{"rendered":"<p>Ich bin Ihr Berater, Stratege, Projektleiter, Interimsmanager, Gutachter, Planer, Vermittler und Netzwerker. Kurzum: Ich bin Ihr Partner im Orgelbau. Mit meinen Kunden teile ich die Leidenschaft f\u00fcr meisterhafte Instrumente, den &#8230;<\/p>\n","protected":false},"author":1,"featured_media":0,"parent":0,"menu_order":0,"comment_status":"closed","ping_status":"closed","template":"","meta":{"footnotes":""},"class_list":["post-241","page","type-page","status-publish","hentry"],"_links":{"self":[{"href":"https:\/\/windelen.org\/index.php?rest_route=\/wp\/v2\/pages\/241","targetHints":{"allow":["GET"]}}],"collection":[{"href":"https:\/\/windelen.org\/index.php?rest_route=\/wp\/v2\/pages"}],"about":[{"href":"https:\/\/windelen.org\/index.php?rest_route=\/wp\/v2\/types\/page"}],"author":[{"embeddable":true,"href":"https:\/\/windelen.org\/index.php?rest_route=\/wp\/v2\/users\/1"}],"replies":[{"embeddable":true,"href":"https:\/\/windelen.org\/index.php?rest_route=%2Fwp%2Fv2%2Fcomments&post=241"}],"version-history":[{"count":1,"href":"https:\/\/windelen.org\/index.php?rest_route=\/wp\/v2\/pages\/241\/revisions"}],"predecessor-version":[{"id":242,"href":"https:\/\/windelen.org\/index.php?rest_route=\/wp\/v2\/pages\/241\/revisions\/242"}],"wp:attachment":[{"href":"https:\/\/windelen.org\/index.php?rest_route=%2Fwp%2Fv2%2Fmedia&parent=241"}],"curies":[{"name":"wp","href":"https:\/\/api.w.org\/{rel}","templated":true}]}}